0, what is 2372225 + 1?
2372226
In base 9, what is 206860 - 4?
206855
In base 14, what is -244775 - 1?
-244776
In base 14, what is 90 - 159d?
-150d
In base 2, what is 100100100100110100 + 101001?
100100100101011101
In base 16, what is -1 + -917f?
-9180
In base 15, what is 71 + -1ebb?
-1e4a
In base 5, what is -343112022 - 2?
-343112024
In base 10, what is -116191 - 3?
-116194
In base 3, what is 1 - 110020121?
-110020120
In base 7, what is -100 - 5613?
-6013
In base 11, what is 6 + -18690?
-18685
In base 8, what is -11 + -114072?
-114103
In base 10, what is -4 + -75643?
-75647
In base 13, what is 0 + 4a80?
4a80
In base 5, what is 420 - -240?
1210
In base 3, what is 100100 + -1000022?
-122222
In base 6, what is 1115144 - 11?
1115133
In base 7, what is 632636 + -2?
632634
In base 16, what is 1288 - -2?
128a
In base 13, what is 848a3 + 3?
848a6
In base 4, what is -22211200 - 10?
-22211210
In base 5, what is 2112 + 3003?
10120
In base 6, what is 14 - 51440?
-51422
In base 13, what is -5 - -27828?
27823
In base 16, what is -2 + 15d32?
15d30
In base 4, what is 1 + 11301323?
11301330
In base 3, what is 21200122 - 101211?
21021211
In base 10, what is 1119 - -3?
1122
In base 10, what is 0 - 81073?
-81073
In base 4, what is -2230 + 112110?
103220
In base 5, what is 424204 - -3?
424212
In base 14, what is a2c68b - 3?
a2c688
In base 6, what is 1325 + 145?
1514
In base 10, what is 99319 - -1?
99320
In base 16, what is f + -16ac7?
-16ab8
In base 7, what is 114366 + -2?
114364
In base 15, what is 9036 - 3?
9033
In base 5, what is -211313204 + 1?
-211313203
In base 7, what is 24 - -4235?
4262
In base 14, what is -45155 - 10?
-45165
In base 7, what is -13363 + -323?
-14016
In base 16, what is aa - 1a5b?
-19b1
In base 9, what is -1 - 113504?
-113505
In base 10, what is -5 - 156100?
-156105
In base 8, what is -61 + 4335?
4254
In base 4, what is 202103 - -22?
202131
In base 10, what is -4 + -78364?
-78368
In base 15, what is 736c - 1b?
7351
In base 2, what is 1101111010101 + 110011?
1110000001000
In base 7, what is -23 + 3341?
3315
In base 15, what is -7 - -9b934?
9b92c
In base 4, what is 23 - 312231?
-312202
In base 11, what is -801497 + 7?
-801490
In base 7, what is 21 - 2225?
-2204
In base 9, what is 0 - 1078672?
-1078672
In base 4, what is 1212103 + -222?
1211221
In base 15, what is -35 - 78a?
-7c0
In base 15, what is -a77 - 1d?
-a95
In base 12, what is -468a5 + 5?
-468a0
In base 12, what is -22121 + -12?
-22133
In base 9, what is 42203 - -2?
42205
In base 15, what is 211a - -3?
211d
In base 11, what is 2749 + 249?
2997
In base 5, what is 42334421 + 22?
42334443
In base 9, what is -678306 - 2?
-678308
In base 7, what is 3 - 1022153?
-1022150
In base 15, what is -80c - -73?
-789
In base 3, what is 12 - -2100020222021?
2100020222110
In base 16, what is -1f1c + d?
-1f0f
In base 4, what is 3 - 2103113120?
-2103113111
In base 15, what is -1 + -632?
-633
In base 14, what is 3261 + 55?
32b6
In base 11, what is 3038708 - 1?
3038707
In base 2, what is -1101010100000010111 - -10?
-1101010100000010101
In base 14, what is 3 - 483d?
-483a
In base 12, what is 199 - 2430?
-2253
In base 12, what is 42b - -103?
532
In base 2, what is 10110000110000 - 1?
10110000101111
In base 8, what is -451727 + 3?
-451724
In base 2, what is 10110100 - 11101?
10010111
In base 13, what is -1626 - -a?
-1619
In base 6, what is -2 + -3204252?
-3204254
In base 4, what is 0 + -22030011?
-22030011
In base 14, what is -7a27d - 5?
-7a284
In base 8, what is -42 + 7422?
7360
In base 16, what is -1139 + a?
-112f
In base 7, what is 23031030 - -3?
23031033
In base 16, what is -69 + 5a?
-f
In base 14, what is 0 + -d0cc0?
-d0cc0
In base 9, what is -12020 + -55?
-12075
In base 11, what is 7 - 30352?
-30346
In base 13, what is -2586 - 3a?
-25c3
In base 8, what is 4 - 273237?
-273233
In base 11, what is 1 - -20890?
20891
In base 5, what is 21411220 - 10?
21411210
In base 16, what is -c + -10dd?
-10e9
In base 10, what is 0 - -4743?
4743
In base 16, what is 19df44 + 0?
19df44
In base 10, what is 156 + -884?
-728
In base 9, what is 14 + -4222?
-4207
In base 5, what is -103 + 1030344?
1030241
In base 12, what is -1405 - -11?
-13b4
In base 9, what is 3356 - 0?
3356
In base 4, what is 11322220 + 122?
11323002
In base 9, what is 124 + -3?
121
In base 2, what is 10100001000 - 1101?
10011111011
In base 11, what is 39 + -445?
-407
In base 4, what is -30 - -3231013?
3230323
In base 7, what is 141 - -15422?
15563
In base 5, what is -21111 - 2444?
-24110
In base 11, what is -6840 - 7?
-6847
In base 2, what is 10 - 11000001110111110?
-11000001110111100
In base 4, what is 11 - 10032?
-10021
In base 3, what is -12112 + 2010012?
1220200
In base 11, what is 13a8 + -63?
1345
In base 10, what is -10922 - -63?
-10859
In base 8, what is -14207 - 2?
-14211
In base 3, what is -222 + 2220220?
2212221
In base 9, what is -6 - -4085?
4078
In base 8, what is -3273 + 71?
-3202
In base 9, what is -11402 - 17?
-11420
In base 13, what is 1bca6 + -3?
1bca3
In base 7, what is 1252 + 2031?
3313
In base 3, what is 10 - 100011200?
-100011120
In base 7, what is -2206302 - -3?
-2206266
In base 14, what is 273 + -22?
251
In base 7, what is -5 + 3522153?
3522145
In base 12, what is 1abaa - 1?
1aba9
In base 10, what is -2240958 - 1?
-2240959
In base 8, what is -1577014 - 2?
-1577016
In base 10, what is -9 + 30532?
30523
In base 7, what is -2342 - 203?
-2545
In base 4, what is 32133 + 2303?
101102
In base 5, what is -4 + -403313?
-403322
In base 3, what is -10020200 - 11?
-10020211
In base 15, what is -11bb9 + -9?
-11bc3
In base 16, what is -3 + -ad83a?
-ad83d
In base 16, what is 47f + 1?
480
In base 8, what is 1 - -62223?
62224
In base 15, what is 3 - 4c87d?
-4c87a
In base 3, what is 12 - 1000022210111?
-1000022210022
In base 16, what is -7a4f - -1f?
-7a30
In base 11, what is -422 + 2287?
1965
In base 11, what is -7 + -240612?
-240619
In base 9, what is 3861 - 74?
3776
In base 3, what is -21202 + -1102?
-100011
In base 9, what is 142128 - -7?
142136
In base 2, what is -100010 - -100100100001001?
100100011100111
In base 4, what is 20022 + -110?
13312
In base 10, what is -737 + 493?
-244
In base 5, what is 121123422 - -11?
121123433
In base 15, what is 0 - -19a45b?
19a45b
In base 8, what is -423777 + -2?
-424001
In base 14, what is 27432 + 39?
2746b
In base 2, what is 110011001010111 - -11?
110011001011010
In base 4, what is -21 + 1213032?
1213011
In base 4, what is -1021332221 - -1?
-1021332220
In base 15, what is 325b + 2c7?
3533
In base 2, what is -11111101100010110 + 0?
-11111101100010110
In base 5, what is -3 + -2433121?
-2433124
In base 12, what is 2 - -388ab?
388b1
In base 13, what is -33337 + 13?
-33324
In base 11, what is 12 + -3a918?
-3a906
In base 16, what is 3b + -4263?
-4228
In base 10, what is -3 - 25369?
-25372
In base 14, what is -2 + 3a8c?
3a8a
In base 4, what is 20 + -2113300?
-2113220
In base 16, what is 18e + 1085?
1213
In base 13, what is -4 - -c6b2?
c6ab
In base 2, what is 10010000010 - 111110110?
1010001100
In base 5, what is 12123221 + 14?
12123240
In base 8, what is 252 + 341?
613
In base 15, what is -3aa80 - 1?
-3aa81
In base 15, what is -163aa - -1?
-163a9
In base 7, what is -1 - -153154?
153153
In base 8, what is 5 - -532617?
532624
In base 14, what is -c50 - -bb?
-b73
In base 3, what is 1021 + 11121120000?
11121121021
In base 12, what is 0 + 489a7?
489a7
In base 6, what is -12 + 103?
51
In base 14, what is -9 + -4c33b?
-4c346
In base 9, what is 62 - 12347?
-12275
In base 14, what is -12a - -1549?
141d
In base 15, what is -d + -3b84?
-3b92
In base 16, what is 1 + -1235?
-1234
In base 13, what is 74 - 22?
52
In base 12, what is -aa + -373?
-461
In base 2, what is -1 - 10011110111011010?
-10011110111011011
In base 10, what is 5862 - 7?
5855
In base 14, what is 44 - 217a?
-2136
In base 6, what is 3132 - 4433?
-1301
In base 2, what is 100000 + 10101001011?
10101101011
In base 10, what is -15990 - -40?
-15950
In base 14, what is -3aa8 + -2b2?
-3d7a
In base 13, what is -ca - 146?
-243
In base 8, what is 263 + -77?
164
In base 9, what is 1054 - 43?
1011
In base 6, what is -222233 - 2?
-222235
In base 13, what is -169 - -492b?
4792
In base 7, what is -26 - -12603?
12544
In base 10, what is 2302 - -72?
2374
In base 13, what is 16 - 